site number?
False
Let c(h) be the first derivative of -h**3/3 + 6*h**2 - 45*h + 5. Let d(y) = y**2 - 6*y + 22. Let x(j) = 3*c(j) + 7*d(j). Is x(-9) a prime number?
True
Let k = 6907 + 2598. Suppose 75*v - 80*v = -k. Is v prime?
True
Is 40389 - (119/51 - (-2)/(-6)) a prime number?
True
Let m be 5235/(-6)*(-3 - -5). Let v = 6064 + m. Is v prime?
False
Suppose -2*b + 5*q + 87171 = 0, -2*b + 3*q = -4796 - 82365. Is b prime?
True
Let a = -51 + 54. Is (a - (-556)/(-16))*-20 a composite number?
True
Let i = -2185 - -4224. Is i a composite number?
False
Let w = 283604 - 186501. Is w a prime number?
True
Let i = 3790 - -736. Suppose i = 4*g - 358. Suppose 0 = 2*q + q - g. Is q prime?
False
Suppose 0 = -11*g + 153270 + 259043. Is g prime?
True
Let r(y) = -68*y + 449. Is r(-52) a prime number?
False
Let t(m) = 284*m + 59. Suppose -5*d + 60 = d. Is t(d) composite?
True
Suppose -1 = -x - 20. Let a = x - -54. Let q = 80 + a. Is q composite?
True
Let c(m) be the second derivative of m**3/6 - m**2 + 3*m. Let u be c(5). Suppose 2*j - u*j = -4*g - 210, 0 = -4*j - 5*g + 924. Is j composite?
True
Let d = 20629 - 7080. Is d a composite number?
True
Suppose -4*h + 8 = 0, -6*s + 2*s - h + 15958 = 0. Suppose 38*t - 37*t = s. Is t a prime number?
True
Suppose 5*t - 3981 = 1654. Suppose -2*c + 9*c = t. Is c composite?
True
Suppose 52247 = 39*m - 167440. Is m composite?
True
Suppose -7347 = -3*i - 3*n, -9*n = -i - 5*n + 2449. Is i prime?
False
Let u(j) be the third derivative of j**4 - 3*j**3/2 - 5*j**2. Let i be u(5). Suppose i = o - k - k, 2*o + 3*k - 215 = 0. Is o a composite number?
False
Suppose -3*v - 2*t = 2*v + 996, -3*v = -4*t + 582. Let z = 325 + v. Is z a composite number?
False
Let t be 2 + 497 + (-4)/(-2). Let o = t - 92. Is o a composite number?
False
Let u(o) = -o**3 + 14*o**2 - 13*o + 5. Let x be (-2 - 6 - -4) + 24. Let c = -11 + x. Is u(c) prime?
True
Let i(g) = 454*g**2 - 5*g + 35. Is i(4) a composite number?
True
Suppose -17700 - 13492 = -8*s. Is s prime?
False
Suppose -3*a = -5*h + 50 + 22602, 9063 = 2*h + a. Is h a composite number?
True
Suppose -3*j = 2*j - 20, -5*j + 1824 = -4*s. Let t = s - -698. Is t a prime number?
False
Suppose -4*o - 2*g = -487634, g + 197117 = 4*o - 290520. Is o composite?
False
Let l be 7/(21/18) + 3. Let d(p) = 112*p + 5. Let r be d(l). Suppose 4*v - r = 5*i, -3*v - i + 551 = -185. Is v composite?
True
Let q(a) = a**3 + 8*a**2 + 2. Let j be q(-8). Suppose -4*i + j*g + 1175 = 5*g, -3*g + 296 = i. Is i prime?
True
Let j = -52 - -77. Suppose 20*g - j*g = -745. Is g composite?
False
Let p(k) = -841*k + 21. Is p(-8) a composite number?
True
Let f = -1193 + 1704. Suppose -141*q - f = -142*q. Is q a composite number?
True
Let o = 51 - 49. Let p = 0 + 0. Suppose -o*k + 5*k - 1146 = p. Is k prime?
False
Let b(v) = 5 - 2*v**2 - 2 + 4*v**2 - 9*v. Suppose -335*p = -340*p - 40. Is b(p) composite?
True
Let t(i) = 21*i**3 + 16*i**2 - 2*i + 32. Is t(13) composite?
False
Let j(u) = 84*u**3 - 11*u**2 + 11*u - 31. Is j(7) prime?
True
Let f(p) = 3*p**3 - 14*p**2 + 2*p + 21. Is f(8) prime?
True
Suppose k = -0*w + 3*w - 122783, 10 = -5*k. Is w a composite number?
False
Suppose -4*o - 9 = -j, -5*o - 3*j + 0*j + 10 = 0. Let h be ((-4 + 16)/(-3))/o. Suppose 3*n = h*g + n - 766, -3*g + 576 = -3*n. Is g a prime number?
True
Let u(l) = -4*l**2 - 4*l + 2. Let d(y) = y. Let j be d(-3). Let q(b) = 5*b**2 + 5*b - 3. Let p(g) = j*q(g) - 4*u(g). Is p(-15) prime?
True
Let x = -7 + 13. Let q = 152 - 152. Suppose -x*i + 0*i + 1338 = q. Is i a prime number?
True
Is ((-248058)/24)/(9/(-12)) prime?
True
Suppose 3405 = 16*p - 86243. Is p a prime number?
False
Suppose -5*y = -5*o - 75, 5*y + 3*o - 57 = -o. Let l = -14 + y. Is (l + 8)/(2/10) a prime number?
False
Suppose -3*h + 2*n + 10 = 0, 4*n - 8 = h + 9*n. Suppose -h*q - 30 = 3*j + 98, 0 = -2*q - 5*j - 132. Is 4/6 - q/3 a composite number?
True
Is ((-579400)/(-700))/(2/7) a prime number?
True
Let h = 10484 + -1821. Is h prime?
True
Suppose -2*g = 5*o - 211585, 6*g = -2*o + 4*g + 84634. Is o a composite number?
True
Suppose -3*g + 7657 = -0*v + v, 3*v - 3*g = 22995. Is v prime?
False
Let m = 27 + -24. Suppose -m*k = 5*k - 8. Is (-557)/(-2)*2/k prime?
True
Let u be (-31640)/(-15)*(-3)/(-2). Suppose 7*l = 3*l + u. Is l prime?
False
Let o(u) = -u**3 + 43*u**2 + 78*u - 55. Is o(42) a prime number?
False
Let t(s) = -s**2 + 13*s - 31. Let n be t(9). Suppose 0*q - n*q = -9745. Is q a composite number?
False
Suppose 21 = -5*b + 106. Suppose -b*q - 35925 = -32*q. Is q composite?
True
Let d(y) = -296*y**3 + y**2 - 5*y - 5. Let h be d(-2). Suppose -h = -3*o - 814. Is o composite?
False
Suppose 2*g + 300 = 4*k - 46, 3*k - 242 = 5*g. Is k/(((-6)/18)/((-22)/6)) a prime number?
False
Let p = 4921 + -2370. Is p composite?
False
Suppose 0 = -4*f + 24725 + 14879. Is f composite?
False
Let x be ((-3)/6 - (-27035)/2)/1. Suppose -x = -6*y - y. Is y a prime number?
True
Let k be ((1 - -3) + -1)/1. Suppose -k*g + 10477 - 2770 = 0. Is g a composite number?
True
Suppose 0 = 9*k - 197188 - 13133. Is k prime?
True
Let z = 15 + 3. Suppose 4*f = 5*n + z, n = 4*f + 4*n - 2. Suppose l - 879 = -f*l. Is l a prime number?
True
Let c = 79985 + -45318. Is c a composite number?
False
Let u(o) = o**2 + o + 2. Let l = -1 - -1. Let f be u(l). Suppose -3*m - f*m = 3*a - 190, -2*m - 5*a + 95 = 0. Is m a prime number?
False
Suppose -40*i + 42*i - 90 = z, -96 = z - 4*i. Let f(u) = -u**3 + u**2 - u + 135. Let d be f(0). Let w = d + z. Is w composite?
True
Is 2 - 5 - 158*(-26 + 0) composite?
True
Suppose 3*p - 31767 = -0*p. Is p composite?
False
Let u(m) be the second derivative of -7/6*m**3 + 1/6*m**4 + 0 - 6*m + 2*m**2. Is u(5) a composite number?
False
Let x(p) = 1087*p**2 + p - 3. Let m be x(-2). Let c = m + -1660. Is c a composite number?
False
Let u(h) = 180*h**3 + h**2 - 2*h. Let a(f) = -f + 2. Let w be a(1). Is u(w) a composite number?
False
Suppose 0 = 12*m - 6*m - 37362. Is m prime?
False
Let k(r) = r + 22. Let t be k(-12). Is -1 + 221 - (t + -7) a composite number?
True
Let w(p) = 54*p**3 - 8*p**2 - 13*p + 36. Is w(5) prime?
True
Is (-8776)/32*-12 + 8 prime?
True
Let h(k) = -47*k**3 + 2*k + 1. Let l(f) = -f**3 + f**2 + f - 1. Let m be l(0). Let c be h(m). Suppose 3*o + c = 5*o. Is o composite?
False
Let u(s) = -10*s**2 - 2*s + 12 - s**3 + s - 26. Let d be u(-10). Is d/(-12) + (-664)/(-6) a composite number?
True
Suppose 25*c - 54519 - 134556 = 0. Is c a composite number?
True
Let i be 1 + (5 - (-6)/(-3)). Suppose -2*c + i*c - 2360 = 0. Suppose -3*r + s + c = 0, -3*r + 2*r = 3*s - 410. Is r prime?
False
Let l(t) = -59*t**2 - 6*t + 24. Let a be l(11). Let r = -4848 - a. Is r prime?
True
Suppose 2*g + 103130 = 4*g - 4*u, 3*g - 154684 = -5*u. Is g a composite number?
False
Let u = 32 + -33. Let a(q) = -1405*q**3 - q**2 - 2*q - 1. Is a(u) prime?
False
Let j(y) = 949*y - 24. Is j(7) a composite number?
False
Let p(c) = -2*c**3 - 22*c**2 + 11*c + 19. Let t(m) = m**3 + 22*m**2 - 10*m - 18. Let z(s) = 2*p(s) + 3*t(s). Is z(21) a composite number?
False
Let b(t) = -13*t**3 - 20*t**2 - 109*t - 41. Is b(-12) a composite number?
True
Suppose 0 = -2*d - 2*s + 58, -6*s - 79 = -2*d - s. Let l = -28 + d. Is l composite?
True
Suppose -11892 = h - 2*h. Suppose -8*k = 4*k - h. Is k a composite number?
False
Suppose -4*v + 3*v - 2 = 0, 2*v - 1337 = -3*o. Is o a composite number?
True
Suppose 3*a - 4*t = 302, 3*a + a - 3*t = 398. Suppose 4*u = -2*v + a - 298, 152 = -3*u - v. Is 4/(-10) - u/5 prime?
False
Let u(o) = 9*o + 60. Let q be u(8). Suppose 0 = i + 3*i - 196. Let p = i + q. Is p composite?
False
Suppose 0 = 3*n + h + 159, -3*h = -4*n - 0*h - 212. Let m = n + 120. Is m prime?
True
Suppose -105*b = -77*b - 563836. Is b a prime number?
False
Let r be 6 + -10 + (17 - 0). Suppose -r*h + 17*h - 11860 = 0. Is h a prime number?
False
Suppose 0*n - 5*n = -40. Suppose -l - 5*s = l - 10, 8 = 4*s. Suppose t + 2*j + n = 53, l = t + 4*j - 43. Is t prime?
True
Let t = -22 - -29. Let p(s) = 0*s**2 + 8*s - t + 2*s**2 + 13 + 5. Is p(-12) a prime number?
False
Suppose 0 = -3*x - w + 100048, 0 = -4*x + 3*w - w + 133414. Is x prime?
False
Let i(g) = g**3 + 11*g**2 + 11*g + 11. Let c be i(-10). Let k(y) = y + 1. Let z(j) = -12*j + 1. Let f(q) = c*z(q) + 4*k(q). Is f(-4) a comp